{"id":190,"date":"2024-11-17T20:13:20","date_gmt":"2024-11-17T19:13:20","guid":{"rendered":"https:\/\/karakolas.org\/?page_id=190"},"modified":"2024-11-17T20:13:20","modified_gmt":"2024-11-17T19:13:20","slug":"historia-de-karakolas","status":"publish","type":"page","link":"https:\/\/karakolas.org\/index.php\/historia-de-karakolas\/","title":{"rendered":"Historia de Karakolas"},"content":{"rendered":"\n<p>Cuando all\u00e1 por 2003 comenzaban a formarse los primeros Grupos de Consumo, estos se gestionaban con hojas de papel. Cada unidad o la unidad encargada apuntaba en una hoja los productos que necesitaban y esta hoja se pasaba el productor. Una vez repartido se anotaba en la hoja el importe a pagar por cada unidad<\/p>\n\n\n\n<p>Posteriormente se pas\u00f3 a las hojas de c\u00e1lculo mediante excel. Se iba compartiendo por mail una hoja de excel donde cada unidad iba rellenando los productos que necesitaba. En esa misma hoja de excel, se iba autocompletando el importe total y el importe a pagar por cada unidad. Esa hoja se transladaba al productor.  <\/p>\n\n\n\n<p>Es importante destacar que surg\u00edan un sin fin de errores y problemas en los repartos y en las cuentas. Y m\u00e1s seg\u00fan los Grupos de Consumo se iban haciendo m\u00e1s grandes. <\/p>\n\n\n\n<p>En el a\u00f1o 2012 entr\u00f3 una pareja a formar parte de un Grupo de Consumo de Madrid llamado Karakolas. Al ver la cantidad de errores que generaba el gestionar los grupos y coincidiendo que la pareja empez\u00f3 a estudiar Python (un lenguaje de programaci\u00f3n), descubri\u00f3 <a href=\"https:\/\/es.wikipedia.org\/wiki\/Web2py\" data-type=\"link\" data-id=\"https:\/\/es.wikipedia.org\/wiki\/Web2py\">Web2py <\/a>(framework de desarrollo web de c\u00f3digo abierto). Empezaron a desarrollar una aplicaci\u00f3n para Grupos de Consumo.<\/p>\n\n\n\n<p>El 7 de marzo de 2013 el Grupo de Consumo pas\u00f3 de gestionarse con las fallidas hojas de Excel a hacerlo mediante la ya denominada Karakolas. <\/p>\n\n\n\n<p>En 2014 la aplicaci\u00f3n empez\u00f3 a crecer y colaboran en la aplicaci\u00f3n otras personas. Este mismo a\u00f1o se crea la primera Red<\/p>\n\n\n\n<p>El a\u00f1o 2015 fue el gran crecimiento de la aplicaci\u00f3n ya que otros grupos se interesaban por la herramienta y solicitaban utilizarla.<\/p>\n\n\n\n<p>A ra\u00edz del crecimiento, la cantidad de grupos que se iban uniendo se hicieron  asambleas en Usera, donde se acord\u00f3 repartir diferentes trabajos para gestionar el crecimiento. <\/p>\n\n\n\n<p>Se acord\u00f3 la creaci\u00f3n de un \u00abEquipo Gestor\u00bb, encargado de mantener diferentes trabajos necesarios. Copias de seguridad, gesti\u00f3n de correo electr\u00f3nico, translado de incidencias de la herramienta a los desarrolladores, atenci\u00f3n a nuevos Grupos de Consumo, etc.<\/p>\n\n\n\n<p>Tambi\u00e9n se acord\u00f3 que cada Grupo de Consumo tuviera una figura denominada \u00abDelegada\u00bb, que ser\u00eda la persona enlace entre los Grupos de Consumo y el Equipo Gestor. De esta forma se canalizaba la informaci\u00f3n correctamente y el trabajo era m\u00e1s \u00e1gil.<\/p>\n\n\n\n<p>Se instaur\u00f3 el modelo de \u00abPrecio libre pero no gratis\u00bb. Cada Grupo de Consumo aportar\u00eda medios econ\u00f3micos para mantener la herramienta en funci\u00f3n de sus capacidades. <\/p>\n\n\n\n<p>Durante estos el desarrollador encargado de mantener Karakolas activa y el equipo gestor, realizaban las tareas de forma altruista ya que lo recaudado apenas daba para pagar los servidores y poco m\u00e1s.<\/p>\n\n\n\n<p>En 2024 las personas hasta ahora encargadas del desarrollo deciden apartarse del proyecto. Y un nuevo equipo de desarrolladores propone aportar a Karakolas un a\u00f1o de trabajo, mejoras y actualizaciones de la herramienta, a cambio de que se trabaje en hacer Karakolas autosostenible. Es decir, en un a\u00f1o de debe conseguir que los usuarios de Karakolas aporten los fondos necesarios para pagar los gastos de servidores y horas de trabajo de desarrollo necesario para actualizar Karakolas o realizar mejoras.<\/p>\n\n\n\n<p>A finales de 2024 se realiza una reuni\u00f3n de delegas y equipo gestor para comunicar esta nueva situaci\u00f3n y se pide una previsi\u00f3n de aportaciones para el 2025. <\/p>\n\n\n\n<p>Podr\u00e1s ver actualizado semestralmente el estado de la sostenibilidad de Karakolas en este enlace.<\/p>\n","protected":false},"excerpt":{"rendered":"<p>Cuando all\u00e1 por 2003 comenzaban a formarse los primeros Grupos de Consumo, estos se gestionaban con hojas de papel. Cada unidad o la unidad encargada apuntaba en una hoja los productos que necesitaban y esta hoja se pasaba el productor. Una vez repartido se anotaba en la hoja el importe a pagar por cada unidad Posteriormente se pas\u00f3 a las hojas de c\u00e1lculo mediante excel. Se iba compartiendo por mail una hoja de excel donde cada unidad iba rellenando los productos que necesitaba. En esa misma hoja de excel, se iba autocompletando el importe total y el importe a pagar por cada unidad. Esa hoja se transladaba al productor. Es importante destacar que surg\u00edan un sin fin de errores y problemas en los repartos y en las cuentas. Y m\u00e1s seg\u00fan los Grupos de Consumo se iban haciendo m\u00e1s grandes. En el a\u00f1o 2012 entr\u00f3 una pareja a formar parte de un Grupo de Consumo de Madrid llamado Karakolas. Al ver la cantidad de errores que generaba el gestionar los grupos y coincidiendo que la pareja empez\u00f3 a estudiar Python (un lenguaje de programaci\u00f3n), descubri\u00f3 Web2py (framework de desarrollo web de c\u00f3digo abierto). Empezaron a desarrollar una aplicaci\u00f3n para Grupos de Consumo. El 7 de marzo de 2013 el Grupo de Consumo pas\u00f3 de gestionarse con las fallidas hojas de Excel a hacerlo mediante la ya denominada Karakolas. En 2014 la aplicaci\u00f3n empez\u00f3 a crecer y colaboran en la aplicaci\u00f3n otras personas. Este mismo a\u00f1o se crea la primera Red El a\u00f1o 2015 fue el gran crecimiento de la aplicaci\u00f3n ya que otros grupos se interesaban por la herramienta y solicitaban utilizarla. A ra\u00edz del crecimiento, la cantidad de grupos que se iban uniendo se hicieron asambleas en Usera, donde se acord\u00f3 repartir diferentes trabajos para gestionar el crecimiento. Se acord\u00f3 la creaci\u00f3n de un \u00abEquipo Gestor\u00bb, encargado de mantener diferentes trabajos necesarios. Copias de seguridad, gesti\u00f3n de correo electr\u00f3nico, translado de incidencias de la herramienta a los desarrolladores, atenci\u00f3n a nuevos Grupos de Consumo, etc. Tambi\u00e9n se acord\u00f3 que cada Grupo de Consumo tuviera una figura denominada \u00abDelegada\u00bb, que ser\u00eda la persona enlace entre los Grupos de Consumo y el Equipo Gestor. De esta forma se canalizaba la informaci\u00f3n correctamente y el trabajo era m\u00e1s \u00e1gil. Se instaur\u00f3 el modelo de \u00abPrecio libre pero no gratis\u00bb. Cada Grupo de Consumo aportar\u00eda medios econ\u00f3micos para mantener la herramienta en funci\u00f3n de sus capacidades. Durante estos el desarrollador encargado de mantener Karakolas activa y el equipo gestor, realizaban las tareas de forma altruista ya que lo recaudado apenas daba para pagar los servidores y poco m\u00e1s. En 2024 las personas hasta ahora encargadas del desarrollo deciden apartarse del proyecto. Y un nuevo equipo de desarrolladores propone aportar a Karakolas un a\u00f1o de trabajo, mejoras y actualizaciones de la herramienta, a cambio de que se trabaje en hacer Karakolas autosostenible. Es decir, en un a\u00f1o de debe conseguir que los usuarios de Karakolas aporten los fondos necesarios para pagar los gastos de servidores y horas de trabajo de desarrollo necesario para actualizar Karakolas o realizar mejoras. A finales de 2024 se realiza una reuni\u00f3n de delegas y equipo gestor para comunicar esta nueva situaci\u00f3n y se pide una previsi\u00f3n de aportaciones para el 2025. Podr\u00e1s ver actualizado semestralmente el estado de la sostenibilidad de Karakolas en este enlace.<\/p>\n","protected":false},"author":3,"featured_media":0,"parent":0,"menu_order":0,"comment_status":"closed","ping_status":"closed","template":"","meta":{"footnotes":""},"class_list":["post-190","page","type-page","status-publish","hentry"],"featured_image_src":null,"_links":{"self":[{"href":"https:\/\/karakolas.org\/index.php\/wp-json\/wp\/v2\/pages\/190","targetHints":{"allow":["GET"]}}],"collection":[{"href":"https:\/\/karakolas.org\/index.php\/wp-json\/wp\/v2\/pages"}],"about":[{"href":"https:\/\/karakolas.org\/index.php\/wp-json\/wp\/v2\/types\/page"}],"author":[{"embeddable":true,"href":"https:\/\/karakolas.org\/index.php\/wp-json\/wp\/v2\/users\/3"}],"replies":[{"embeddable":true,"href":"https:\/\/karakolas.org\/index.php\/wp-json\/wp\/v2\/comments?post=190"}],"version-history":[{"count":1,"href":"https:\/\/karakolas.org\/index.php\/wp-json\/wp\/v2\/pages\/190\/revisions"}],"predecessor-version":[{"id":191,"href":"https:\/\/karakolas.org\/index.php\/wp-json\/wp\/v2\/pages\/190\/revisions\/191"}],"wp:attachment":[{"href":"https:\/\/karakolas.org\/index.php\/wp-json\/wp\/v2\/media?parent=190"}],"curies":[{"name":"wp","href":"https:\/\/api.w.org\/{rel}","templated":true}]}}