{"id":178,"date":"2024-11-17T11:02:20","date_gmt":"2024-11-17T10:02:20","guid":{"rendered":"https:\/\/karakolas.org\/?page_id=178"},"modified":"2024-11-17T18:54:47","modified_gmt":"2024-11-17T17:54:47","slug":"que-es-karakolas","status":"publish","type":"page","link":"https:\/\/karakolas.org\/index.php\/que-es-karakolas\/","title":{"rendered":"\u00bfQu\u00e9 es Karakolas?"},"content":{"rendered":"\n<p>Karakolas es una aplicaci\u00f3n de c\u00f3digo abierto para la Gesti\u00f3n de Grupos de consumo. Cualquier persona puede instalarla en su servidor si tiene conocimientos apropiados. <\/p>\n\n\n\n<p>Karakolas tambi\u00e9n dispone de una instancia mantenida y operativa lista para usar por grupos de consumo en Espa\u00f1a.<br>En torno a esta instancia mantenida se forma una comunidad autosostenida para el mantenimiento de esta herramienta<\/p>\n\n\n\n<h4 class=\"wp-block-heading\">Preguntas frecuentes<\/h4>\n\n\n\n<details class=\"wp-block-details is-layout-flow wp-block-details-is-layout-flow\"><summary>\u00bfQu\u00e9 es una instancia mantenida?<\/summary>\n<p>Significa que tenemos una aplicaci\u00f3n ya instalada en un servidor y con mantenimiento por un equipo de desarrolladores. Esta instalaci\u00f3n da servicio a m\u00e1s de 100 Grupos de Consumo en Espa\u00f1a y al d\u00eda gestiona miles de cestas de decenas de productores.<\/p>\n\n\n\n<p><\/p>\n<\/details>\n\n\n\n<details class=\"wp-block-details is-layout-flow wp-block-details-is-layout-flow\"><summary>\u00bfPuedo comprar en Karakolas?<\/summary>\n<p>No, para poder realizar compra en Karakolas necesitas pertenecer a un Grupo de Consumo que utilice esta aplicaci\u00f3n.<\/p>\n\n\n\n<p><\/p>\n<\/details>\n\n\n\n<details class=\"wp-block-details is-layout-flow wp-block-details-is-layout-flow\"><summary>\u00bfPertenezco a un Grupo de Consumo y queremos unirnos a la herramienta?<\/summary>\n<p>Si tu grupo de consumo quiere unirse a la instancia mantenida, puedes escribir un correo a info@karakolas.org indicando la localidad, n\u00famero de unidades, productores habituales y una breve historia de tu grupo.<\/p>\n\n\n\n<p><\/p>\n<\/details>\n","protected":false},"excerpt":{"rendered":"<p>Karakolas es una aplicaci\u00f3n de c\u00f3digo abierto para la Gesti\u00f3n de Grupos de consumo. Cualquier persona puede instalarla en su servidor si tiene conocimientos apropiados. Karakolas tambi\u00e9n dispone de una instancia mantenida y operativa lista para usar por grupos de consumo en Espa\u00f1a.En torno a esta instancia mantenida se forma una comunidad autosostenida para el mantenimiento de esta herramienta Preguntas frecuentes<\/p>\n","protected":false},"author":3,"featured_media":0,"parent":0,"menu_order":0,"comment_status":"closed","ping_status":"closed","template":"","meta":{"ub_ctt_via":"","footnotes":""},"class_list":["post-178","page","type-page","status-publish","hentry"],"featured_image_src":null,"_links":{"self":[{"href":"https:\/\/karakolas.org\/index.php\/wp-json\/wp\/v2\/pages\/178","targetHints":{"allow":["GET"]}}],"collection":[{"href":"https:\/\/karakolas.org\/index.php\/wp-json\/wp\/v2\/pages"}],"about":[{"href":"https:\/\/karakolas.org\/index.php\/wp-json\/wp\/v2\/types\/page"}],"author":[{"embeddable":true,"href":"https:\/\/karakolas.org\/index.php\/wp-json\/wp\/v2\/users\/3"}],"replies":[{"embeddable":true,"href":"https:\/\/karakolas.org\/index.php\/wp-json\/wp\/v2\/comments?post=178"}],"version-history":[{"count":3,"href":"https:\/\/karakolas.org\/index.php\/wp-json\/wp\/v2\/pages\/178\/revisions"}],"predecessor-version":[{"id":184,"href":"https:\/\/karakolas.org\/index.php\/wp-json\/wp\/v2\/pages\/178\/revisions\/184"}],"wp:attachment":[{"href":"https:\/\/karakolas.org\/index.php\/wp-json\/wp\/v2\/media?parent=178"}],"curies":[{"name":"wp","href":"https:\/\/api.w.org\/{rel}","templated":true}]}}